5.
15
What is the highest common divisor of 104 and 182?
26
Calculate the highest common factor of 10 and 115.
5
What is the greatest common divisor of 9216 and 18?
18
Calculate the greatest common divisor of 32 and 11.
1
Calculate the highest common factor of 25551 and 102.
51
Calculate the highest common factor of 1442 and 5974.
206
What is the highest common divisor of 2106 and 286?
26
What is the greatest common factor of 40 and 110?
10
What is the highest common factor of 16107 and 59?
59
Calculate the greatest common factor of 1525 and 175.
25
What is the highest common factor of 77 and 44?
11
What is the highest common divisor of 3195 and 15?
15
Calculate the greatest common divisor of 9 and 102.
3
What is the highest common factor of 30 and 48?
6
Calculate the greatest common divisor of 97 and 97.
97
Calculate the highest common divisor of 8424 and 9.
9
What is the highest common factor of 5576 and 272?
136
Calculate the highest common factor of 1349 and 71.
71
What is the highest common divisor of 17 and 119?
17
Calculate the greatest common factor of 224 and 84.
28
What is the highest common divisor of 1166 and 2266?
22
Calculate the greatest common factor of 4042 and 86.
86
Calculate the greatest common divisor of 2482 and 34.
34
What is the highest common divisor of 209 and 275?
11
Calculate the highest common divisor of 100 and 460.
20
Calculate the highest common factor of 1836 and 68.
68
What is the greatest common factor of 30 and 4005?
15
Calculate the greatest common divisor of 85 and 8976.
17
Calculate the highest common divisor of 157 and 4.
1
What is the greatest common factor of 101 and 43?
1
What is the greatest common divisor of 1386 and 1134?
126
What is the highest common divisor of 140 and 11088?
28
Calculate the highest common divisor of 243 and 9.
9
Calculate the highest common divisor of 54 and 4212.
54
Calculate the highest common divisor of 187 and 55.
11
What is the highest common divisor of 162 and 882?
18
Calculate the highest common factor of 8 and 356.
4
What is the highest common factor of 91 and 4823?
91
Calculate the greatest common factor of 9 and 369.
9
What is the greatest common factor of 21 and 567?
21
Calculate the highest common divisor of 32 and 176.
16
What is the greatest common factor of 160 and 100?
20
Calculate the greatest common divisor of 1168 and 32.
16
Calculate the highest common factor of 228 and 12.
12
What is the greatest common divisor of 15 and 405?
15
Calculate the greatest common divisor of 76 and 646.
38
What is the greatest common divisor of 26 and 39?
13
Calculate the highest common divisor of 67 and 871.
67
What is the greatest common factor of 78 and 1248?
78
What is the greatest common factor of 22 and 1870?
22
Calculate the greatest common divisor of 342 and 95.
19
What is the highest common divisor of 544 and 12?
4
What is the greatest common factor of 20536 and 136?
136
Calculate the highest common divisor of 56 and 84.
28
Calculate the highest common factor of 4656 and 528.
48
Calculate the greatest common factor of 3379 and 31.
31
Calculate the highest common factor of 1519 and 1813.
49
Calculate the greatest common divisor of 3740 and 250.
10
What is the greatest common divisor of 4960 and 2880?
160
What is the greatest common divisor of 286 and 104?
26
What is the greatest common divisor of 3570 and 15?
15
Calculate the highest common factor of 6678 and 72.
18
Calculate the greatest common factor of 99 and 99.
99
Calculate the greatest common divisor of 78 and 338.
26
What is the highest common divisor of 79 and 3713?
79
What is the highest common factor of 42 and 48?
6
What is the greatest common factor of 1085 and 7?
7
What is the greatest common divisor of 11368 and 522?
58
What is the greatest common factor of 21 and 1029?
21
What is the greatest common divisor of 5808 and 96?
48
What is the highest common factor of 875 and 20825?
175
What is the greatest common divisor of 155 and 62?
31
What is the greatest common factor of 15 and 365?
5
Calculate the highest common factor of 17 and 7.
1
What is the highest common factor of 620 and 40?
20
What is the highest common factor of 279 and 744?
93
What is the highest common divisor of 26 and 26?
26
Calculate the highest common factor of 32 and 1024.
32
Calculate the highest common factor of 299 and 91.
13
Calculate the highest common divisor of 1817 and 79.
79
Calculate the highest common divisor of 16965 and 26.
13
What is the greatest common factor of 6720 and 1904?
112
Calculate the greatest common divisor of 9 and 1692.
9
Calculate the greatest common divisor of 976 and 183.
61
Calculate the greatest common divisor of 560 and 42.
14
What is the highest common divisor of 42 and 96?
6
Calculate the greatest common factor of 826 and 118.
118
Calculate the greatest common factor of 517 and 88.
11
Calculate the greatest common divisor of 28 and 84.
28
What is the greatest common factor of 15 and 1335?
15
What is the greatest common factor of 54 and 558?
18
What is the highest common divisor of 135 and 90?
45
Calculate the highest common factor of 47 and 40279.
47
Calculate the greatest common factor of 8832 and 1840.
368
What is the greatest common divisor of 224 and 1078?
14
What is the greatest common factor of 22 and 15345?
11
Calculate the highest common divisor of 168 and 328.
8
What is the highest common factor of 2964 and 2508?
228
Calculate the greatest common factor of 204 and 28.
4
Calculate the greatest common divisor of 1247 and 43.
43
Calculate the greatest common factor of 57 and 1064.
19
Calculate the highest common factor of 5083 and 6256.
391
What is the highest common factor of 4278 and 186?
186
Calculate the highest common divisor of 51 and 3332.
17
Calculate the greatest common factor of 78 and 1664.
26
What is the highest common divisor of 192 and 2016?
96
Calculate the greatest common factor of 140 and 10255.
35
What is the highest common divisor of 1832 and 8?
8
Calculate the highest common factor of 27 and 3039.
3
What is the greatest common divisor of 29 and 87?
29
Calculate the greatest common factor of 690 and 276.
138
Calculate the highest common factor of 3817 and 11.
11
Calculate the greatest common divisor of 8 and 26.
2
What is the highest common divisor of 721 and 49?
7
Calculate the highest common divisor of 3366 and 17.
17
Calculate the greatest common divisor of 31 and 74679.
31
Calculate the highest common factor of 344 and 8.
8
Calculate the greatest common factor of 319 and 145.
29
What is the greatest common divisor of 19169 and 29?
29
What is the greatest common divisor of 1156 and 68?
68
What is the highest common factor of 40663 and 74?
37
Calculate the greatest common divisor of 54 and 10638.
54
What is the greatest common factor of 28 and 4?
4
Calculate the greatest common factor of 780 and 4524.
156
What is the greatest common factor of 14 and 2667?
7
Calculate the highest common factor of 232 and 29.
29
What is the highest common factor of 51966 and 18?
18
What is the highest common factor of 8685 and 45?
45
Calculate the highest common divisor of 2 and 166.
2
What is the greatest common divisor of 323 and 19?
19
Calculate the highest common factor of 15 and 135.
15
What is the greatest common divisor of 572 and 754?
26
What is the highest common divisor of 39 and 1027?
13
What is the highest common factor of 2288 and 936?
104
Calculate the greatest common factor of 43 and 989.
43
What is the greatest common factor of 39 and 3?
3
What is the highest common divisor of 41 and 287?
41
Calculate the greatest common divisor of 9344 and 128.
128
What is the greatest common factor of 45 and 6201?
9
What is the greatest common divisor of 889 and 1270?
127
What is the greatest common factor of 26 and 702?
26
Calculate the greatest common divisor of 299 and 161.
23
What is the highest common factor of 34 and 646?
34
Calculate the greatest common factor of 713 and 299.
23
What is the highest common factor of 1120 and 160?
160
Calculate the greatest common factor of 36 and 276.
12
Calculate the highest common divisor of 153 and 54.
9
Calculate the highest common factor of 48 and 588.
12
Calculate the greatest common factor of 1708 and 56.
28
Calculate the greatest common factor o